{"id":563,"date":"2019-03-13T10:25:29","date_gmt":"2019-03-13T10:25:29","guid":{"rendered":"http:\/\/berta-berlin.com\/?page_id=563"},"modified":"2024-11-13T08:47:44","modified_gmt":"2024-11-13T08:47:44","slug":"webdesign","status":"publish","type":"page","link":"https:\/\/www.berta-berlin.com\/?page_id=563","title":{"rendered":"Screen-Design"},"content":{"rendered":"\t\t<div data-elementor-type=\"wp-page\" data-elementor-id=\"563\" class=\"elementor elementor-563\" data-elementor-post-type=\"page\">\n\t\t\t\t\t\t<section class=\"elementor-section elementor-top-section elementor-element elementor-element-4fc16ec elementor-section-boxed elementor-section-height-default elementor-section-height-default\" data-id=\"4fc16ec\" data-element_type=\"section\" data-e-type=\"section\">\n\t\t\t\t\t\t<div class=\"elementor-container elementor-column-gap-default\">\n\t\t\t\t\t<div class=\"elementor-column elementor-col-50 elementor-top-column elementor-element elementor-element-56ff50a\" data-id=\"56ff50a\" data-element_type=\"column\" data-e-type=\"column\">\n\t\t\t<div class=\"elementor-widget-wrap elementor-element-populated\">\n\t\t\t\t\t\t<div class=\"elementor-element elementor-element-565eec7 elementor-widget elementor-widget-text-editor\" data-id=\"565eec7\" data-element_type=\"widget\" data-e-type=\"widget\" data-widget_type=\"text-editor.default\">\n\t\t\t\t<div class=\"elementor-widget-container\">\n\t\t\t\t\t\t\t\t\t<p>Vom Entwurf bis zur technischen Umsetzung begleitet Sie Berta Berlin in enger Abstimmung mit Ihren gesch\u00e4ftlichen Bed\u00fcrfnissen und Aktivit\u00e4ten. Mit einem hohen Ma\u00df an Funktionalit\u00e4t und effektiver Gestaltung bieten wir Ihnen L\u00f6sungen, die Orientierung schaffen.<\/p>\t\t\t\t\t\t\t\t<\/div>\n\t\t\t\t<\/div>\n\t\t\t\t\t<\/div>\n\t\t<\/div>\n\t\t\t\t<div class=\"elementor-column elementor-col-50 elementor-top-column elementor-element elementor-element-4473e05\" data-id=\"4473e05\" data-element_type=\"column\" data-e-type=\"column\">\n\t\t\t<div class=\"elementor-widget-wrap elementor-element-populated\">\n\t\t\t\t\t\t<div class=\"elementor-element elementor-element-b4f5e5f elementor-widget elementor-widget-image\" data-id=\"b4f5e5f\" data-element_type=\"widget\" data-e-type=\"widget\" data-widget_type=\"image.default\">\n\t\t\t\t<div class=\"elementor-widget-container\">\n\t\t\t\t\t\t\t\t\t\t\t\t\t\t\t<img fetchpriority=\"high\" decoding=\"async\" width=\"910\" height=\"910\" src=\"https:\/\/www.berta-berlin.com\/wp-content\/uploads\/2023\/01\/Satz_Dok_Pfade-1024x1024.jpg\" class=\"attachment-large size-large wp-image-1046\" alt=\"\" srcset=\"https:\/\/www.berta-berlin.com\/wp-content\/uploads\/2023\/01\/Satz_Dok_Pfade-1024x1024.jpg 1024w, https:\/\/www.berta-berlin.com\/wp-content\/uploads\/2023\/01\/Satz_Dok_Pfade-300x300.jpg 300w, https:\/\/www.berta-berlin.com\/wp-content\/uploads\/2023\/01\/Satz_Dok_Pfade-150x150.jpg 150w, https:\/\/www.berta-berlin.com\/wp-content\/uploads\/2023\/01\/Satz_Dok_Pfade-768x768.jpg 768w, https:\/\/www.berta-berlin.com\/wp-content\/uploads\/2023\/01\/Satz_Dok_Pfade-100x100.jpg 100w, https:\/\/www.berta-berlin.com\/wp-content\/uploads\/2023\/01\/Satz_Dok_Pfade-45x45.jpg 45w, https:\/\/www.berta-berlin.com\/wp-content\/uploads\/2023\/01\/Satz_Dok_Pfade.jpg 1446w\" sizes=\"(max-width: 910px) 100vw, 910px\" \/>\t\t\t\t\t\t\t\t\t\t\t\t\t\t\t<\/div>\n\t\t\t\t<\/div>\n\t\t\t\t\t<\/div>\n\t\t<\/div>\n\t\t\t\t\t<\/div>\n\t\t<\/section>\n\t\t\t\t<section class=\"elementor-section elementor-top-section elementor-element elementor-element-23dae88 elementor-section-boxed elementor-section-height-default elementor-section-height-default\" data-id=\"23dae88\" data-element_type=\"section\" data-e-type=\"section\">\n\t\t\t\t\t\t<div class=\"elementor-container elementor-column-gap-default\">\n\t\t\t\t\t<div class=\"elementor-column elementor-col-100 elementor-top-column elementor-element elementor-element-dba7fc4\" data-id=\"dba7fc4\" data-element_type=\"column\" data-e-type=\"column\">\n\t\t\t<div class=\"elementor-widget-wrap elementor-element-populated\">\n\t\t\t\t\t\t<div class=\"elementor-element elementor-element-dfb5341 elementor-widget elementor-widget-image\" data-id=\"dfb5341\" data-element_type=\"widget\" data-e-type=\"widget\" data-widget_type=\"image.default\">\n\t\t\t\t<div class=\"elementor-widget-container\">\n\t\t\t\t\t\t\t\t\t\t\t\t\t\t\t<img decoding=\"async\" width=\"910\" height=\"595\" src=\"https:\/\/www.berta-berlin.com\/wp-content\/uploads\/2023\/01\/baselitz_App-1024x670.jpg\" class=\"attachment-large size-large wp-image-1175\" alt=\"\" srcset=\"https:\/\/www.berta-berlin.com\/wp-content\/uploads\/2023\/01\/baselitz_App-1024x670.jpg 1024w, https:\/\/www.berta-berlin.com\/wp-content\/uploads\/2023\/01\/baselitz_App-300x196.jpg 300w, https:\/\/www.berta-berlin.com\/wp-content\/uploads\/2023\/01\/baselitz_App-768x503.jpg 768w, https:\/\/www.berta-berlin.com\/wp-content\/uploads\/2023\/01\/baselitz_App.jpg 1169w\" sizes=\"(max-width: 910px) 100vw, 910px\" \/>\t\t\t\t\t\t\t\t\t\t\t\t\t\t\t<\/div>\n\t\t\t\t<\/div>\n\t\t\t\t\t<\/div>\n\t\t<\/div>\n\t\t\t\t\t<\/div>\n\t\t<\/section>\n\t\t\t\t<section class=\"elementor-section elementor-top-section elementor-element elementor-element-c5d16ef elementor-section-boxed elementor-section-height-default elementor-section-height-default\" data-id=\"c5d16ef\" data-element_type=\"section\" data-e-type=\"section\">\n\t\t\t\t\t\t<div class=\"elementor-container elementor-column-gap-default\">\n\t\t\t\t\t<div class=\"elementor-column elementor-col-100 elementor-top-column elementor-element elementor-element-acf2aa1\" data-id=\"acf2aa1\" data-element_type=\"column\" data-e-type=\"column\">\n\t\t\t<div class=\"elementor-widget-wrap elementor-element-populated\">\n\t\t\t\t\t\t<div class=\"elementor-element elementor-element-31712cc elementor-widget elementor-widget-image\" data-id=\"31712cc\" data-element_type=\"widget\" data-e-type=\"widget\" data-widget_type=\"image.default\">\n\t\t\t\t<div class=\"elementor-widget-container\">\n\t\t\t\t\t\t\t\t\t\t\t\t\t\t\t<img decoding=\"async\" width=\"910\" height=\"595\" src=\"https:\/\/www.berta-berlin.com\/wp-content\/uploads\/2023\/01\/Circular_Screen-1-1024x670.jpg\" class=\"attachment-large size-large wp-image-1228\" alt=\"\" srcset=\"https:\/\/www.berta-berlin.com\/wp-content\/uploads\/2023\/01\/Circular_Screen-1-1024x670.jpg 1024w, https:\/\/www.berta-berlin.com\/wp-content\/uploads\/2023\/01\/Circular_Screen-1-300x196.jpg 300w, https:\/\/www.berta-berlin.com\/wp-content\/uploads\/2023\/01\/Circular_Screen-1-768x502.jpg 768w, https:\/\/www.berta-berlin.com\/wp-content\/uploads\/2023\/01\/Circular_Screen-1-1536x1004.jpg 1536w, https:\/\/www.berta-berlin.com\/wp-content\/uploads\/2023\/01\/Circular_Screen-1-2048x1339.jpg 2048w\" sizes=\"(max-width: 910px) 100vw, 910px\" \/>\t\t\t\t\t\t\t\t\t\t\t\t\t\t\t<\/div>\n\t\t\t\t<\/div>\n\t\t\t\t\t<\/div>\n\t\t<\/div>\n\t\t\t\t\t<\/div>\n\t\t<\/section>\n\t\t\t\t<section class=\"elementor-section elementor-top-section elementor-element elementor-element-08c1358 elementor-section-boxed elementor-section-height-default elementor-section-height-default\" data-id=\"08c1358\" data-element_type=\"section\" data-e-type=\"section\">\n\t\t\t\t\t\t<div class=\"elementor-container elementor-column-gap-default\">\n\t\t\t\t\t<div class=\"elementor-column elementor-col-100 elementor-top-column elementor-element elementor-element-aec096e\" data-id=\"aec096e\" data-element_type=\"column\" data-e-type=\"column\">\n\t\t\t<div class=\"elementor-widget-wrap elementor-element-populated\">\n\t\t\t\t\t\t<div class=\"elementor-element elementor-element-6866506 e-transform elementor-widget elementor-widget-image\" data-id=\"6866506\" data-element_type=\"widget\" data-e-type=\"widget\" data-settings=\"{&quot;_transform_rotateZ_effect&quot;:{&quot;unit&quot;:&quot;px&quot;,&quot;size&quot;:-342,&quot;sizes&quot;:[]},&quot;_transform_rotate_3d&quot;:&quot;yes&quot;,&quot;_transform_rotateZ_effect_tablet&quot;:{&quot;unit&quot;:&quot;deg&quot;,&quot;size&quot;:&quot;&quot;,&quot;sizes&quot;:[]},&quot;_transform_rotateZ_effect_mobile&quot;:{&quot;unit&quot;:&quot;deg&quot;,&quot;size&quot;:&quot;&quot;,&quot;sizes&quot;:[]},&quot;_transform_rotateX_effect&quot;:{&quot;unit&quot;:&quot;px&quot;,&quot;size&quot;:&quot;&quot;,&quot;sizes&quot;:[]},&quot;_transform_rotateX_effect_tablet&quot;:{&quot;unit&quot;:&quot;deg&quot;,&quot;size&quot;:&quot;&quot;,&quot;sizes&quot;:[]},&quot;_transform_rotateX_effect_mobile&quot;:{&quot;unit&quot;:&quot;deg&quot;,&quot;size&quot;:&quot;&quot;,&quot;sizes&quot;:[]},&quot;_transform_rotateY_effect&quot;:{&quot;unit&quot;:&quot;px&quot;,&quot;size&quot;:&quot;&quot;,&quot;sizes&quot;:[]},&quot;_transform_rotateY_effect_tablet&quot;:{&quot;unit&quot;:&quot;deg&quot;,&quot;size&quot;:&quot;&quot;,&quot;sizes&quot;:[]},&quot;_transform_rotateY_effect_mobile&quot;:{&quot;unit&quot;:&quot;deg&quot;,&quot;size&quot;:&quot;&quot;,&quot;sizes&quot;:[]},&quot;_transform_perspective_effect&quot;:{&quot;unit&quot;:&quot;px&quot;,&quot;size&quot;:&quot;&quot;,&quot;sizes&quot;:[]},&quot;_transform_perspective_effect_tablet&quot;:{&quot;unit&quot;:&quot;px&quot;,&quot;size&quot;:&quot;&quot;,&quot;sizes&quot;:[]},&quot;_transform_perspective_effect_mobile&quot;:{&quot;unit&quot;:&quot;px&quot;,&quot;size&quot;:&quot;&quot;,&quot;sizes&quot;:[]}}\" data-widget_type=\"image.default\">\n\t\t\t\t<div class=\"elementor-widget-container\">\n\t\t\t\t\t\t\t\t\t\t\t\t\t\t\t<img loading=\"lazy\" decoding=\"async\" width=\"2000\" height=\"1200\" src=\"https:\/\/www.berta-berlin.com\/wp-content\/uploads\/2022\/12\/weihnachts_ani2.gif\" class=\"attachment-full size-full wp-image-1011\" alt=\"\" \/>\t\t\t\t\t\t\t\t\t\t\t\t\t\t\t<\/div>\n\t\t\t\t<\/div>\n\t\t\t\t\t<\/div>\n\t\t<\/div>\n\t\t\t\t\t<\/div>\n\t\t<\/section>\n\t\t\t\t<section class=\"elementor-section elementor-top-section elementor-element elementor-element-9e4af57 elementor-section-boxed elementor-section-height-default elementor-section-height-default\" data-id=\"9e4af57\" data-element_type=\"section\" data-e-type=\"section\">\n\t\t\t\t\t\t<div class=\"elementor-container elementor-column-gap-default\">\n\t\t\t\t\t<div class=\"elementor-column elementor-col-100 elementor-top-column elementor-element elementor-element-0de821a\" data-id=\"0de821a\" data-element_type=\"column\" data-e-type=\"column\">\n\t\t\t<div class=\"elementor-widget-wrap elementor-element-populated\">\n\t\t\t\t\t\t<div class=\"elementor-element elementor-element-5988d82 elementor-widget elementor-widget-image\" data-id=\"5988d82\" data-element_type=\"widget\" data-e-type=\"widget\" data-widget_type=\"image.default\">\n\t\t\t\t<div class=\"elementor-widget-container\">\n\t\t\t\t\t\t\t\t\t\t\t\t\t\t\t<img loading=\"lazy\" decoding=\"async\" width=\"910\" height=\"595\" src=\"https:\/\/www.berta-berlin.com\/wp-content\/uploads\/2023\/01\/praesentation-1-1024x670.jpg\" class=\"attachment-large size-large wp-image-1240\" alt=\"\" srcset=\"https:\/\/www.berta-berlin.com\/wp-content\/uploads\/2023\/01\/praesentation-1-1024x670.jpg 1024w, https:\/\/www.berta-berlin.com\/wp-content\/uploads\/2023\/01\/praesentation-1-300x196.jpg 300w, https:\/\/www.berta-berlin.com\/wp-content\/uploads\/2023\/01\/praesentation-1-768x502.jpg 768w, https:\/\/www.berta-berlin.com\/wp-content\/uploads\/2023\/01\/praesentation-1-1536x1004.jpg 1536w, https:\/\/www.berta-berlin.com\/wp-content\/uploads\/2023\/01\/praesentation-1-2048x1339.jpg 2048w\" sizes=\"(max-width: 910px) 100vw, 910px\" \/>\t\t\t\t\t\t\t\t\t\t\t\t\t\t\t<\/div>\n\t\t\t\t<\/div>\n\t\t\t\t\t<\/div>\n\t\t<\/div>\n\t\t\t\t\t<\/div>\n\t\t<\/section>\n\t\t\t\t<\/div>\n\t\t","protected":false},"excerpt":{"rendered":"<p>Vom Entwurf bis zur technischen Umsetzung begleitet Sie Berta Berlin in enger Abstimmung mit Ihren gesch\u00e4ftlichen Bed\u00fcrfnissen und Aktivit\u00e4ten. Mit<\/p>\n","protected":false},"author":1,"featured_media":0,"parent":0,"menu_order":0,"comment_status":"closed","ping_status":"closed","template":"","meta":{"footnotes":""},"class_list":["post-563","page","type-page","status-publish","hentry","comments-off"],"_links":{"self":[{"href":"https:\/\/www.berta-berlin.com\/index.php?rest_route=\/wp\/v2\/pages\/563","targetHints":{"allow":["GET"]}}],"collection":[{"href":"https:\/\/www.berta-berlin.com\/index.php?rest_route=\/wp\/v2\/pages"}],"about":[{"href":"https:\/\/www.berta-berlin.com\/index.php?rest_route=\/wp\/v2\/types\/page"}],"author":[{"embeddable":true,"href":"https:\/\/www.berta-berlin.com\/index.php?rest_route=\/wp\/v2\/users\/1"}],"replies":[{"embeddable":true,"href":"https:\/\/www.berta-berlin.com\/index.php?rest_route=%2Fwp%2Fv2%2Fcomments&post=563"}],"version-history":[{"count":28,"href":"https:\/\/www.berta-berlin.com\/index.php?rest_route=\/wp\/v2\/pages\/563\/revisions"}],"predecessor-version":[{"id":1272,"href":"https:\/\/www.berta-berlin.com\/index.php?rest_route=\/wp\/v2\/pages\/563\/revisions\/1272"}],"wp:attachment":[{"href":"https:\/\/www.berta-berlin.com\/index.php?rest_route=%2Fwp%2Fv2%2Fmedia&parent=563"}],"curies":[{"name":"wp","href":"https:\/\/api.w.org\/{rel}","templated":true}]}}